) + 2 + (486 - 489)?
10
What is the value of (2 - -1 - -9 - 4) + (119 - 102)?
25
What is the value of -32 + 76 - 55 - (2 + -26)?
13
75 + -114 + 21 + -1
-19
Calculate (194 - 175) + (-12 - 1).
6
49 + (-15 - (7 + 12))
15
What is -76 + 42 - (-35 + 1)?
0
1 + 9 + (-137 - -61) + 66
0
What is the value of -12 + 0 - (-1 - 0 - (-26 - -21))?
-16
-7 + 12 + 8 + -9 + (6 - -1)
11
-39 + 9 + (-20 - 1 - -17)
-34
-3 - (-4 + 0) - (-4 - (-2 - 4))
-1
Calculate 7 - (10 + -16 + 13).
0
Calculate -56 + 19 - (-11 + -15).
-11
Evaluate 1 + 13 - (6 - (-1 - (-6 + -1))).
14
(0 + (-11 - -7) - 8) + 2
-10
Evaluate -5 + -5 + (1 - -7) - (2 + -3).
-1
What is -1038 + 1031 + (-1 - -43 - (-2 - 0))?
37
What is the value of (-2 - 0 - -5) + (-5 - (3 + -2))?
-3
Calculate (2 - 1 - -6) + -1 - (-45 - -49).
2
-3 + 10 - (37 + -13 + -4)
-13
Evaluate (2 - 43) + -521 + 546.
-16
What is -4 - (2 - -1 - 21)?
14
What is (2 - 2) + 12 + -5?
7
Evaluate -6 - (-18 - 22) - 35.
-1
Evaluate (6 + 10 - 11) + -9.
-4
What is -2 - (-2 + (13 - 6 - 6) + -3)?
2
Calculate (-7 - -19) + 11 + -17.
6
Evaluate -6 + 14 + (0 - 10) + -2 + 5.
1
Calculate (-12 - -16) + (4 - 15).
-7
(-78 - -60) + (12 - -7)
1
What is the value of 50 - 31 - (-2 + (-3 - -3) - 1)?
22
What is the value of -24 + 11 + 19 - -1?
7
Evaluate (-6 + 12 - 1) + 3 + 15.
23
Evaluate 6 + -1 + (-4 - (2 - 2)) + 15.
16
Calculate -29 - (3 + -39 - -6).
1
What is the value of -17 - (1 + -19 - (-4 + -3))?
-6
Evaluate 7 - (26 + -11 - -9).
-17
What is the value of -9 + -10 + (10 - (2 - -1))?
-12
What is the value of 1 + 2 + -13 + 2 - -1 - 2?
-9
What is (28 - 24) + (0 + -9 - -3 - 3)?
-5
What is the value of (-4 - (4 + -7 + -1 + 3)) + 14?
11
58 + -29 + -16 + -24
-11
What is the value of (8 - 11) + (9 - 7)?
-1
-2 + 7 - ((1 - 1 - 4) + 5)
4
Calculate (0 - (-3 - -4 - 0)) + 11.
10
Evaluate 0 + 10 + (2 - 15) + 8.
5
Evaluate -15 + 1 + (38 - 28 - -21).
17
What is the value of 47 + (-12 - 16) + 13?
32
0 + 3 + 6 + 4 + 0
13
Calculate 772 - 798 - (-4 - (-1 + -1)).
-24
Evaluate 12 + -14 + -13 + 23.
8
What is the value of -37 - (3 - (-32 - -48))?
-24
Evaluate -3 + (-26 + 2 - (56 + -66)).
-17
Calculate ((-5 - -6 - 0) + -3 - -4) + -7.
-5
-174 + 173 - (-2 + -3 - 2)
6
Evaluate (-21 - (-33 - -25)) + 0 + 0 + -4.
-17
What is the value of -17 - (-15 - (-13 - -10) - 11)?
6
Evaluate (-6 - 3 - 25) + 25.
-9
What is the value of (8 - -6) + -5 + -10?
-1
(11 - 27) + 17 + 16
17
What is 10 + (15 - 7) + 6 - -5?
29
What is -6 + -17 + 15 + 2?
-6
What is -1 + (-16 + 51 - 7)?
27
Evaluate (11 - (2 - -7)) + 3.
5
What is -1 + (-29 - 2) + 22?
-10
What is the value of -3 + -6 + 19 + -27?
-17
Evaluate 5 + -12 - (-4 - -1) - (-4 + 8).
-8
Evaluate -39 + (-16 - -11 - (-13 + -2)).
-29
What is the value of (-7 - -14) + 0 + -2 - 8?
-3
6 + -3 - (-1 + 6 + -5) - 14
-11
Calculate -3 - (2 + -11) - (1 + 5).
0
148 - 77 - 73 - (-14 + 0)
12
Calculate -8 - (7 - (-7 + 23)) - -7.
8
What is the value of 15 + (5 - (5 + 10 + -1)) - 26?
-20
Calculate (-3 - -35) + -82 + 28.
-22
What is the value of -5 + -8 + (11 - (-1 - (6 + -18)))?
-13
What is the value of 20 - (-11 - (-11 - 18))?
2
Calculate 10 + 0 + 3 - (59 + -53).
7
What is the value of (-8 - (6 + -7 + -5)) + -9?
-11
What is the value of (-10 - 7) + 25 - -3?
11
-1 + (-11 - -24) - 12
0
Evaluate -29 - (-29 + 5 + 10).
-15
Calculate 39 + -35 + (-4 + 7 + -3 - -1).
5
What is the value of 0 - (13 - 4 - 8) - -9?
8
Evaluate (-2 - (-1 + -3)) + 0 - (-213 + 207).
8
Calculate -1 - -26 - (-12 + 26 + -14).
25
Calculate 15 + -27 + (0 - -10) - -9.
7
What is (9 - 6) + 0 + -16?
-13
What is the value of 5 + (2 - -6) + -4 + -3?
6
-12 - (-14 - (-3 + -6))
-7
What is 14 + 0 + (47 - 59)?
2
What is (-1096 - -1093) + 4 + -2 + -12?
-13
Calculate -1 + 6 + -8 + 8 + 6.
11
Calculate 18 + -58 + 61 - 24.
-3
What is the value of 88 - 118 - (4 - 53)?
19
Calculate (17 - 5) + (17 + -25 - (-6 + 0)).
10
10 - 7 - 9 - (-16 - 0)
10
Evaluate 21 + -2 + -23 + 14.
10
Calculate (7 - (-11 + 10)) + -33.
-25
Evaluate -8 + 6 - (-13 + 22).
-11
-13 - (0 + -10) - (14 + (-1 - 1))
-15
Evaluate -9 - (3 - 17 - -15).
-10
Calculate 13 + -8 - (7 - -2) - (-1 + -25).
22
1 + 2 + -14 + 0 - (496 + -504)
-3
Calculate (1 + 0 - -3) + -3 + -2 - 5.
-6
What is (-16 - (-1 + 5 - 7)) + -8 + 15?
-6
Evaluate -2 - (23 - 10 - -4 - 10).
-9
What is -18 + -2 + 0 + (-186 - -184)?
-22
What is the value of 27 + -15 - (-7 - -22)?
-3
What is the value of -42 - (5 - 4 - 28)?
-15
What is the value of (-4 - 12 - -11) + (-3 - -21) + -9?
4
What is the value of -17 - (394 + -423 - (-1 + 19))?
30
Evaluate (30 - 22 - 9) + 13 + 0.
12
Evaluate (-11 - (3 + -4 - 12)) + -16.
-14
-21 - (-50 + 24 - -6)
-1
What is the value of -31 + (-4 - (-23 - -14) - -3)?
-23
Evaluate (-11 - -21) + (2 - 9).
3
What is the value of -21 + 0 + -9 + 14 + 4?
-12
Evaluate -9 + (-3 + -6 - -8) + 1.
-9
-6 - (-6 + 2 + (15 - 8))
-9
-16 - (-10 - 8) - (-1 - -3)
0
9 - (3 - (-5 - -5))
6
0 + -5 + (-22 - -24) + 2 + 1
0
What is the value of 22 - (15 + -26 - 3)?
36
What is the value of -12 + (2 - 14) + 4 + 18?
-2
189 + -208 + (28 - 1)
8
What is the value of -56 + (-25 - -48) + 15?
-18
What is 8 - (-20 - -32) - -28?
24
Evaluate (-32 - -13) + 11 + (5 + -4 - 12).
-19
Evaluate -64 + 74 - (-7 - -3).
14
-2 - (8 + -7) - -11 - 5
3
What is the value of 4 + -10 - 3 - -7?
-2
14 + -1 + 2 + -17
-2
What is 4 + -2 - (-22 - -34)?
-10
Calculate 1 + 13 - ((-17 - -23) + -7).
15
(15 - -2) + -21 - 11
-15
Evaluate (3 + -2 - 13) + 20.
8
What is the value of 11 - (-2 + (-4 - -5) + 5)?
7
What is the value of 2 - (9 - 2) - (-6 + (-3 - -11))?
-7
Calculate 8 - (5 - (8 + -5) - (7 - 9)).
4
Evaluate (-1 - (2 + -6)) + 47 + -54.
-4
What is the value of 1 + -32 + (-14 - -35)?
-10
Calculate (5 - 6 - 1 - 0) + -9.
-11
What is 0 + -7 + (-52 - (68 + -116))?
-11
Evaluate 23 - 19 - (0 + 0) - (-8 - -3).
9
2299 + -2298 - (2 + (5 - 2))
-4
What is 13 - (52 + -15 + -15)?
-9
Calculate -4 + (4 - -3) - (9 + -6).
0
24 + (0 + 1 + -3 - (6 + 0))
16
What is -18 + (-2 + 1 - (33 + -39))?
-13
(-13 - 0) + 16 + (0 - -1 - 3)
1
What is 13 - (-4 - -4 - -15)?
-2
13 - (7 - (26 + -28))
4
14 + -51 + 20 + 35 - -20
38
Calculate -4 - (22 + (-30 - 15)).
19
What is the value of -1 + 8 - (17 - (2 - -27))?
19
Calculate 14 + (-9 - (-6 - -15)).
-4
What is (8 - (18 + -4)) + 0 + -3 + 38?
29
Calculate -35 - (33 + -59 + -18).
9
4 + 16 + 11 + -52
-21
What is the value of -21 + -1 + 14 + 28 + 1 + 4?
25
Evaluate 1 + (-2 - 0) + 29 + -102 + 63.
-11
Evaluate (-1 - 0) + (512 - 504).
7
What is 20 + (-2 + (10 - 8) - 8) - 6?
6
Evaluate -19 + 1 + -1 - ((-133 - -74) + 64).
-24
What is the value of (5 + -4 - 8 - -6) + (2 - 1)?
0
Evaluate 3 + 0 + (-6 - (-9 - -3)) + 12.
15
What is the value of 12 + -1 + -1 - (-13 + 4)?
19
Evaluate -1 - ((-12 - -14) + 7).
-10
Calculate -10 + (3 - (-8 + -7 + 9)).
-1
-5 + 22 + -32 + 25 - 45
-35
Calculate 3 + (-2 + 7 - 1 - (-51 - -56)).
2
What is the value of -3 + 0 + (0 - -2 - (199 + -187))?
-13
Evaluate -305 + 273 - (-32 - 0).
0
Evaluate (2 + -3 - 3) + 4 + -3 + -1.
-4
What is -24 - (-3 - 34) - 28?
-15
Evaluate 105 - 55 - 58 - (-1 - (5 - 2)).
-4
-8 - -39 - (-25 - -39)
17
What is -11 - ((7 - 49) + 18 + -9)?
22
Calculate 6 + -17 + -4 - (8 - 16).
-7
What is the value of 6 + -12 + 21 + (1 - 2)?
14
What is the value of (-16 - 0) + (-13 - -4 - -56)?
31
-10 + (2 - -18) + -9 + -1
0
What is the value of 0 + (-3 - -6) + 7 - (2 + -5)?
13
32 + -6 + 8 + -9
25
What is 9 - (-6 + 12 + 12)?
-9
11 + -8 + -5 - (1 + 11 + -1)
-13
Calculate -1 + -3 + (34 - (27 + -20)) - 10.
13
What is 0 + 10 + 1 + (-115 - -107)?
3
-15 + (15 - 55) - -20
-35
What is 21 - ((-11 - -5) + 16)?
11
What is 22 + (-39 - (-29 + 5))?
7
Calculate 4 - 9 - (-6 + -13 + 4).
10
What is 8 - (-20 + (47 - 18))?
-1
(1 - 2) + -1 + 19 - (992 - 986)
11
What is the value of (-8 - (3 + -6 + -8)) + 6?
9
What is -5 - (3 - 4 - (6 + -4) - -6)?
-8
What is the value of 15 + -12 + -7 + 29?
25
Evaluate -3 + 5 + (17 - 13).
6
What is -6 + 1 + (-1 + 1 - -2) + -2?
-5
Evaluate (-113 - -103) + -4 + -3.
-17
Calculate 5 - 2 - (-397 - -399).
1
(6 - (17 + 9 + -14)) + 5
-1
What is (-7 - -21) + 7 + -16 - (45 - 3)?
-37
6 + (5 - -4) + -5 + -8 - -5
7
What is the value of -97 - -81 - (-12 + (3 - 0))?
-7
Evaluate 11 + 10 + -6 - 10.
5
Calculate 1 - (-8 + -14 + 50).
-27
What is 8 + (-2 - -1) - (3 - -3 - 2)?
3
Calculate 7 - (-2 + 21 + -2 + 4).
-14
-6 + (-1 - -6 - 6) +